{"id":605,"date":"2025-03-27T08:48:22","date_gmt":"2025-03-27T08:48:22","guid":{"rendered":"https:\/\/sintesi.inscastellbisbal.net\/offtube\/?post_type=product&#038;p=605"},"modified":"2025-03-27T20:32:37","modified_gmt":"2025-03-27T20:32:37","slug":"mochila-infantil","status":"publish","type":"product","link":"https:\/\/sintesi.inscastellbisbal.net\/offtube\/product\/mochila-infantil\/","title":{"rendered":"Mochila Infantil"},"content":{"rendered":"<p>Aquestes bosses de cord\u00f3 s\u00f3n ideals per afegir un toc d&#8217;originalitat al teu dia a dia.<\/p>\n<p>Una bossa inclou un logotip vibrant en vermell i groc amb el text &#8220;OFFTUBE&#8221;, que aporta un estil modern i minimalista.<\/p>\n<p>L&#8217;altra destaca per una il\u00b7lustraci\u00f3 divertida i \u00fanica d&#8217;un dinosaure amb un monopat\u00ed, perfecte per transmetre creativitat i energia.<\/p>\n<p>Fabricades amb materials resistents i lleugers, s\u00f3n pr\u00e0ctiques i c\u00f2modes per portar tot el que necessites amb estil. Accessoris que combinen funcionalitat i disseny excepcional!<\/p>\n","protected":false},"excerpt":{"rendered":"<p>Bosses de cord\u00f3 blanques amb estil \u00fanic: una amb logo vibrant &#8220;OFFTUBE&#8221; i l&#8217;altra amb il\u00b7lustraci\u00f3 d&#8217;un dinosaure en monopat\u00ed. Funcionalitat amb disseny creatiu!<\/p>\n","protected":false},"featured_media":591,"comment_status":"open","ping_status":"closed","template":"","meta":[],"product_brand":[],"product_cat":[64],"product_tag":[],"class_list":{"0":"post-605","1":"product","2":"type-product","3":"status-publish","4":"has-post-thumbnail","6":"product_cat-mochila","8":"first","9":"instock","10":"taxable","11":"shipping-taxable","12":"purchasable","13":"product-type-simple"},"yoast_head":"<!-- This site is optimized with the Yoast SEO plugin v25.1 - https:\/\/yoast.com\/wordpress\/plugins\/seo\/ -->\n<title>Mochila Infantil - S\u00cdNTESI 25 | OFFTUBE<\/title>\n<meta name=\"description\" content=\"Bosses de cord\u00f3 blanques amb estil \u00fanic: una amb logo vibrant &quot;OFFTUBE&quot; i l&#039;altra amb il\u00b7lustraci\u00f3 d&#039;un dinosaure en monopat\u00ed.\" \/>\n<meta name=\"robots\" content=\"index, follow, max-snippet:-1, max-image-preview:large, max-video-preview:-1\" \/>\n<link rel=\"canonical\" href=\"https:\/\/sintesi.inscastellbisbal.net\/offtube\/product\/mochila-infantil\/\" \/>\n<meta property=\"og:locale\" content=\"en_US\" \/>\n<meta property=\"og:type\" content=\"article\" \/>\n<meta property=\"og:title\" content=\"Mochila Infantil - S\u00cdNTESI 25 | OFFTUBE\" \/>\n<meta property=\"og:description\" content=\"Bosses de cord\u00f3 blanques amb estil \u00fanic: una amb logo vibrant &quot;OFFTUBE&quot; i l&#039;altra amb il\u00b7lustraci\u00f3 d&#039;un dinosaure en monopat\u00ed.\" \/>\n<meta property=\"og:url\" content=\"https:\/\/sintesi.inscastellbisbal.net\/offtube\/product\/mochila-infantil\/\" \/>\n<meta property=\"og:site_name\" content=\"S\u00cdNTESI 25 | OFFTUBE\" \/>\n<meta property=\"article:modified_time\" content=\"2025-03-27T20:32:37+00:00\" \/>\n<meta property=\"og:image\" content=\"https:\/\/sintesi.inscastellbisbal.net\/offtube\/wp-content\/uploads\/sites\/11\/2025\/03\/bolsa2.png\" \/>\n\t<meta property=\"og:image:width\" content=\"1053\" \/>\n\t<meta property=\"og:image:height\" content=\"526\" \/>\n\t<meta property=\"og:image:type\" content=\"image\/png\" \/>\n<meta name=\"twitter:card\" content=\"summary_large_image\" \/>\n<meta name=\"twitter:label1\" content=\"Est. reading time\" \/>\n\t<meta name=\"twitter:data1\" content=\"1 minute\" \/>\n<script type=\"application\/ld+json\" class=\"yoast-schema-graph\">{\"@context\":\"https:\/\/schema.org\",\"@graph\":[{\"@type\":\"WebPage\",\"@id\":\"https:\/\/sintesi.inscastellbisbal.net\/offtube\/product\/mochila-infantil\/\",\"url\":\"https:\/\/sintesi.inscastellbisbal.net\/offtube\/product\/mochila-infantil\/\",\"name\":\"Mochila Infantil - S\u00cdNTESI 25 | OFFTUBE\",\"isPartOf\":{\"@id\":\"https:\/\/sintesi.inscastellbisbal.net\/offtube\/#website\"},\"primaryImageOfPage\":{\"@id\":\"https:\/\/sintesi.inscastellbisbal.net\/offtube\/product\/mochila-infantil\/#primaryimage\"},\"image\":{\"@id\":\"https:\/\/sintesi.inscastellbisbal.net\/offtube\/product\/mochila-infantil\/#primaryimage\"},\"thumbnailUrl\":\"https:\/\/sintesi.inscastellbisbal.net\/offtube\/wp-content\/uploads\/sites\/11\/2025\/03\/bolsa2.png\",\"datePublished\":\"2025-03-27T08:48:22+00:00\",\"dateModified\":\"2025-03-27T20:32:37+00:00\",\"description\":\"Bosses de cord\u00f3 blanques amb estil \u00fanic: una amb logo vibrant \\\"OFFTUBE\\\" i l'altra amb il\u00b7lustraci\u00f3 d'un dinosaure en monopat\u00ed.\",\"breadcrumb\":{\"@id\":\"https:\/\/sintesi.inscastellbisbal.net\/offtube\/product\/mochila-infantil\/#breadcrumb\"},\"inLanguage\":\"en-US\",\"potentialAction\":[{\"@type\":\"ReadAction\",\"target\":[\"https:\/\/sintesi.inscastellbisbal.net\/offtube\/product\/mochila-infantil\/\"]}]},{\"@type\":\"ImageObject\",\"inLanguage\":\"en-US\",\"@id\":\"https:\/\/sintesi.inscastellbisbal.net\/offtube\/product\/mochila-infantil\/#primaryimage\",\"url\":\"https:\/\/sintesi.inscastellbisbal.net\/offtube\/wp-content\/uploads\/sites\/11\/2025\/03\/bolsa2.png\",\"contentUrl\":\"https:\/\/sintesi.inscastellbisbal.net\/offtube\/wp-content\/uploads\/sites\/11\/2025\/03\/bolsa2.png\",\"width\":1053,\"height\":526},{\"@type\":\"BreadcrumbList\",\"@id\":\"https:\/\/sintesi.inscastellbisbal.net\/offtube\/product\/mochila-infantil\/#breadcrumb\",\"itemListElement\":[{\"@type\":\"ListItem\",\"position\":1,\"name\":\"Home\",\"item\":\"https:\/\/sintesi.inscastellbisbal.net\/offtube\/\"},{\"@type\":\"ListItem\",\"position\":2,\"name\":\"Shop\",\"item\":\"https:\/\/sintesi.inscastellbisbal.net\/offtube\/shop\/\"},{\"@type\":\"ListItem\",\"position\":3,\"name\":\"Mochila Infantil\"}]},{\"@type\":\"WebSite\",\"@id\":\"https:\/\/sintesi.inscastellbisbal.net\/offtube\/#website\",\"url\":\"https:\/\/sintesi.inscastellbisbal.net\/offtube\/\",\"name\":\"S\u00cdNTESI 25 | OFFTUBE\",\"description\":\"\",\"publisher\":{\"@id\":\"https:\/\/sintesi.inscastellbisbal.net\/offtube\/#organization\"},\"potentialAction\":[{\"@type\":\"SearchAction\",\"target\":{\"@type\":\"EntryPoint\",\"urlTemplate\":\"https:\/\/sintesi.inscastellbisbal.net\/offtube\/?s={search_term_string}\"},\"query-input\":{\"@type\":\"PropertyValueSpecification\",\"valueRequired\":true,\"valueName\":\"search_term_string\"}}],\"inLanguage\":\"en-US\"},{\"@type\":\"Organization\",\"@id\":\"https:\/\/sintesi.inscastellbisbal.net\/offtube\/#organization\",\"name\":\"S\u00cdNTESI 25 | OFFTUBE\",\"url\":\"https:\/\/sintesi.inscastellbisbal.net\/offtube\/\",\"logo\":{\"@type\":\"ImageObject\",\"inLanguage\":\"en-US\",\"@id\":\"https:\/\/sintesi.inscastellbisbal.net\/offtube\/#\/schema\/logo\/image\/\",\"url\":\"https:\/\/sintesi.inscastellbisbal.net\/offtube\/wp-content\/uploads\/sites\/11\/2025\/03\/cropped-1-removebg-preview.png\",\"contentUrl\":\"https:\/\/sintesi.inscastellbisbal.net\/offtube\/wp-content\/uploads\/sites\/11\/2025\/03\/cropped-1-removebg-preview.png\",\"width\":311,\"height\":170,\"caption\":\"S\u00cdNTESI 25 | OFFTUBE\"},\"image\":{\"@id\":\"https:\/\/sintesi.inscastellbisbal.net\/offtube\/#\/schema\/logo\/image\/\"}}]}<\/script>\n<!-- \/ Yoast SEO plugin. -->","yoast_head_json":{"title":"Mochila Infantil - S\u00cdNTESI 25 | OFFTUBE","description":"Bosses de cord\u00f3 blanques amb estil \u00fanic: una amb logo vibrant \"OFFTUBE\" i l'altra amb il\u00b7lustraci\u00f3 d'un dinosaure en monopat\u00ed.","robots":{"index":"index","follow":"follow","max-snippet":"max-snippet:-1","max-image-preview":"max-image-preview:large","max-video-preview":"max-video-preview:-1"},"canonical":"https:\/\/sintesi.inscastellbisbal.net\/offtube\/product\/mochila-infantil\/","og_locale":"en_US","og_type":"article","og_title":"Mochila Infantil - S\u00cdNTESI 25 | OFFTUBE","og_description":"Bosses de cord\u00f3 blanques amb estil \u00fanic: una amb logo vibrant \"OFFTUBE\" i l'altra amb il\u00b7lustraci\u00f3 d'un dinosaure en monopat\u00ed.","og_url":"https:\/\/sintesi.inscastellbisbal.net\/offtube\/product\/mochila-infantil\/","og_site_name":"S\u00cdNTESI 25 | OFFTUBE","article_modified_time":"2025-03-27T20:32:37+00:00","og_image":[{"width":1053,"height":526,"url":"https:\/\/sintesi.inscastellbisbal.net\/offtube\/wp-content\/uploads\/sites\/11\/2025\/03\/bolsa2.png","type":"image\/png"}],"twitter_card":"summary_large_image","twitter_misc":{"Est. reading time":"1 minute"},"schema":{"@context":"https:\/\/schema.org","@graph":[{"@type":"WebPage","@id":"https:\/\/sintesi.inscastellbisbal.net\/offtube\/product\/mochila-infantil\/","url":"https:\/\/sintesi.inscastellbisbal.net\/offtube\/product\/mochila-infantil\/","name":"Mochila Infantil - S\u00cdNTESI 25 | OFFTUBE","isPartOf":{"@id":"https:\/\/sintesi.inscastellbisbal.net\/offtube\/#website"},"primaryImageOfPage":{"@id":"https:\/\/sintesi.inscastellbisbal.net\/offtube\/product\/mochila-infantil\/#primaryimage"},"image":{"@id":"https:\/\/sintesi.inscastellbisbal.net\/offtube\/product\/mochila-infantil\/#primaryimage"},"thumbnailUrl":"https:\/\/sintesi.inscastellbisbal.net\/offtube\/wp-content\/uploads\/sites\/11\/2025\/03\/bolsa2.png","datePublished":"2025-03-27T08:48:22+00:00","dateModified":"2025-03-27T20:32:37+00:00","description":"Bosses de cord\u00f3 blanques amb estil \u00fanic: una amb logo vibrant \"OFFTUBE\" i l'altra amb il\u00b7lustraci\u00f3 d'un dinosaure en monopat\u00ed.","breadcrumb":{"@id":"https:\/\/sintesi.inscastellbisbal.net\/offtube\/product\/mochila-infantil\/#breadcrumb"},"inLanguage":"en-US","potentialAction":[{"@type":"ReadAction","target":["https:\/\/sintesi.inscastellbisbal.net\/offtube\/product\/mochila-infantil\/"]}]},{"@type":"ImageObject","inLanguage":"en-US","@id":"https:\/\/sintesi.inscastellbisbal.net\/offtube\/product\/mochila-infantil\/#primaryimage","url":"https:\/\/sintesi.inscastellbisbal.net\/offtube\/wp-content\/uploads\/sites\/11\/2025\/03\/bolsa2.png","contentUrl":"https:\/\/sintesi.inscastellbisbal.net\/offtube\/wp-content\/uploads\/sites\/11\/2025\/03\/bolsa2.png","width":1053,"height":526},{"@type":"BreadcrumbList","@id":"https:\/\/sintesi.inscastellbisbal.net\/offtube\/product\/mochila-infantil\/#breadcrumb","itemListElement":[{"@type":"ListItem","position":1,"name":"Home","item":"https:\/\/sintesi.inscastellbisbal.net\/offtube\/"},{"@type":"ListItem","position":2,"name":"Shop","item":"https:\/\/sintesi.inscastellbisbal.net\/offtube\/shop\/"},{"@type":"ListItem","position":3,"name":"Mochila Infantil"}]},{"@type":"WebSite","@id":"https:\/\/sintesi.inscastellbisbal.net\/offtube\/#website","url":"https:\/\/sintesi.inscastellbisbal.net\/offtube\/","name":"S\u00cdNTESI 25 | OFFTUBE","description":"","publisher":{"@id":"https:\/\/sintesi.inscastellbisbal.net\/offtube\/#organization"},"potentialAction":[{"@type":"SearchAction","target":{"@type":"EntryPoint","urlTemplate":"https:\/\/sintesi.inscastellbisbal.net\/offtube\/?s={search_term_string}"},"query-input":{"@type":"PropertyValueSpecification","valueRequired":true,"valueName":"search_term_string"}}],"inLanguage":"en-US"},{"@type":"Organization","@id":"https:\/\/sintesi.inscastellbisbal.net\/offtube\/#organization","name":"S\u00cdNTESI 25 | OFFTUBE","url":"https:\/\/sintesi.inscastellbisbal.net\/offtube\/","logo":{"@type":"ImageObject","inLanguage":"en-US","@id":"https:\/\/sintesi.inscastellbisbal.net\/offtube\/#\/schema\/logo\/image\/","url":"https:\/\/sintesi.inscastellbisbal.net\/offtube\/wp-content\/uploads\/sites\/11\/2025\/03\/cropped-1-removebg-preview.png","contentUrl":"https:\/\/sintesi.inscastellbisbal.net\/offtube\/wp-content\/uploads\/sites\/11\/2025\/03\/cropped-1-removebg-preview.png","width":311,"height":170,"caption":"S\u00cdNTESI 25 | OFFTUBE"},"image":{"@id":"https:\/\/sintesi.inscastellbisbal.net\/offtube\/#\/schema\/logo\/image\/"}}]}},"_links":{"self":[{"href":"https:\/\/sintesi.inscastellbisbal.net\/offtube\/wp-json\/wp\/v2\/product\/605","targetHints":{"allow":["GET"]}}],"collection":[{"href":"https:\/\/sintesi.inscastellbisbal.net\/offtube\/wp-json\/wp\/v2\/product"}],"about":[{"href":"https:\/\/sintesi.inscastellbisbal.net\/offtube\/wp-json\/wp\/v2\/types\/product"}],"replies":[{"embeddable":true,"href":"https:\/\/sintesi.inscastellbisbal.net\/offtube\/wp-json\/wp\/v2\/comments?post=605"}],"wp:featuredmedia":[{"embeddable":true,"href":"https:\/\/sintesi.inscastellbisbal.net\/offtube\/wp-json\/wp\/v2\/media\/591"}],"wp:attachment":[{"href":"https:\/\/sintesi.inscastellbisbal.net\/offtube\/wp-json\/wp\/v2\/media?parent=605"}],"wp:term":[{"taxonomy":"product_brand","embeddable":true,"href":"https:\/\/sintesi.inscastellbisbal.net\/offtube\/wp-json\/wp\/v2\/product_brand?post=605"},{"taxonomy":"product_cat","embeddable":true,"href":"https:\/\/sintesi.inscastellbisbal.net\/offtube\/wp-json\/wp\/v2\/product_cat?post=605"},{"taxonomy":"product_tag","embeddable":true,"href":"https:\/\/sintesi.inscastellbisbal.net\/offtube\/wp-json\/wp\/v2\/product_tag?post=605"}],"curies":[{"name":"wp","href":"https:\/\/api.w.org\/{rel}","templated":true}]}}